s 125224 - -3125?
132353
In base 4, what is -210 - -13013303103?
13013302233
In base 9, what is 254073 + 2753?
256836
In base 5, what is -21433334311 - 10?
-21433334321
In base 8, what is -17737430 + -15?
-17737445
In base 6, what is -4113150101 - 4?
-4113150105
In base 4, what is -1200311323032 - 3?
-1200311323101
In base 10, what is 835 - -2603?
3438
In base 6, what is -11 - 2232525532?
-2232525543
In base 16, what is 77cef38 - 1?
77cef37
In base 16, what is 14be - 573?
f4b
In base 15, what is -3 + -4a31769?
-4a3176c
In base 6, what is 3 + -510444251?
-510444244
In base 12, what is 29 + 5b581?
5b5aa
In base 7, what is -1422644163 + 0?
-1422644163
In base 14, what is -2 + -9db7a53?
-9db7a55
In base 6, what is 314313353 + -4?
314313345
In base 5, what is -1 - -142110043030?
142110043024
In base 3, what is 2000101011001 + 120?
2000101011121
In base 12, what is -a111 - 1321?
-b432
In base 5, what is 2144104 + -2242?
2141312
In base 4, what is -21 + 1032230103313?
1032230103232
In base 4, what is 22100 + 3211012?
3233112
In base 15, what is 3b3 - -55616?
559c9
In base 13, what is 10c852 - 1?
10c851
In base 3, what is -1011212102 + 2011201?
-1002200201
In base 11, what is 550482a9 - -2?
55048300
In base 9, what is -88674 - -13?
-88661
In base 10, what is 32 + 1318042?
1318074
In base 7, what is 1512 + 2?
1514
In base 5, what is -132044 - -2143011?
2010412
In base 3, what is -11122 - 2122202222?
-2122221121
In base 11, what is -151664a8 - 1a?
-15166517
In base 13, what is -17a - -45975?
457c8
In base 2, what is 10 + -10111010000111110010100?
-10111010000111110010010
In base 10, what is -5 + 4369761?
4369756
In base 14, what is -50dd8c - -19?
-50dd73
In base 12, what is 244988 + -11?
244977
In base 11, what is 9858 - 4366?
54a2
In base 7, what is -13445441646 - 4?
-13445441653
In base 10, what is 1514 - 3664?
-2150
In base 15, what is -86 - 19130?
-191b6
In base 3, what is 102111002 + -1211210100?
-1102022021
In base 8, what is 71 - -5724?
6015
In base 11, what is -23982676a - -5?
-239826765
In base 12, what is 117b - 9b26?
-8967
In base 12, what is 1b + 357a92?
357ab1
In base 3, what is 11010010210220 + 0?
11010010210220
In base 13, what is 3b12 - c290?
-847b
In base 3, what is -21121221222 - 211212?
-21122210211
In base 15, what is -3b6584e + 1?
-3b6584d
In base 13, what is 0 - -23729531?
23729531
In base 7, what is 2 - -4545516021?
4545516023
In base 11, what is -11548 + 6890?
-5768
In base 14, what is -5 + -71b116?
-71b11b
In base 9, what is -5257 - 36?
-5304
In base 14, what is 31103 + 329?
3142c
In base 13, what is 81a14 + -2?
81a12
In base 6, what is 10 - 214013?
-214003
In base 3, what is -11212121000112011 + 0?
-11212121000112011
In base 8, what is -1 + -5763420?
-5763421
In base 6, what is -32355445 - -24?
-32355421
In base 3, what is 120020111 + 112122?
120210010
In base 10, what is 1210542 + -16?
1210526
In base 12, what is 5 + 131b5ab6?
131b5abb
In base 4, what is -1 + 2003323122?
2003323121
In base 6, what is 3535 - 544414?
-540435
In base 14, what is -db03a - 61?
-db09b
In base 11, what is -391873 + 11a?
-391754
In base 4, what is -12 - -21030132201000?
21030132200322
In base 13, what is 4 - -3a4473?
3a4477
In base 3, what is 2011120020112 + 0?
2011120020112
In base 10, what is 161 + -1625?
-1464
In base 9, what is -660318 + 263?
-660045
In base 14, what is 140c - 1c3c?
-830
In base 6, what is 20435 + -421214?
-400335
In base 6, what is -1 + 5501525352?
5501525351
In base 3, what is -2 + 10020222112020011?
10020222112020002
In base 16, what is -3 + -915343?
-915346
In base 7, what is 64 + -10244545?
-10244451
In base 2, what is 100 + -11110101010000100110000011?
-11110101010000100101111111
In base 13, what is 643706 - -5?
64370b
In base 15, what is 2ac9e60 + 1?
2ac9e61
In base 9, what is 382878 + -37?
382841
In base 13, what is a6 + 3a40?
3b16
In base 8, what is 2 - -216031431?
216031433
In base 4, what is -2201 - -10010330302?
10010322101
In base 11, what is 2189 - -20377?
22555
In base 9, what is 3644 + 22010?
25654
In base 15, what is -4 + 9c5bb0?
9c5bab
In base 4, what is 3 + 330313031?
330313100
In base 2, what is -1 - 11101110101001001010?
-11101110101001001011
In base 7, what is 61 + 22640420?
22640511
In base 3, what is -20122211 - 22020221?
-112220202
In base 8, what is -21 + -303141?
-303162
In base 10, what is 2 + 57385233?
57385235
In base 13, what is -265c87 - 5?
-265c8c
In base 12, what is 8b778a + 11?
8b779b
In base 15, what is -37 + 80db?
80a4
In base 4, what is 1002331 - -3201?
1012132
In base 13, what is -27cc2 + 62?
-27c60
In base 7, what is 1025132 - 411?
1024421
In base 15, what is 100 + 1436b?
1446b
In base 6, what is 0 + 32403335?
32403335
In base 12, what is -2 + -6ba26a?
-6ba270
In base 13, what is 2c8 + -249b47?
-24984c
In base 9, what is 2 - -30681113?
30681115
In base 15, what is c0c6733 + -4?
c0c672e
In base 7, what is -62 - 16456242?
-16456334
In base 5, what is 1030044010 + 10?
1030044020
In base 5, what is -202211330 - 10?
-202211340
In base 7, what is -3215010 + 26?
-3214651
In base 7, what is -3536614 + 406?
-3536205
In base 4, what is -21 + -113100212302?
-113100212323
In base 8, what is 5 - -10717774?
10720001
In base 12, what is 113799 + 4ba?
114097
In base 2, what is 1001010000100 + -100100000011000?
-11010110010100
In base 15, what is -611c605 + b?
-611c5e9
In base 9, what is -2 - -4034660?
4034657
In base 12, what is -a + 1421397?
1421389
In base 7, what is -3 + -2460615234?
-2460615240
In base 2, what is -11010000111010011101 - -101?
-11010000111010011000
In base 10, what is -2173599 - -91?
-2173508
In base 3, what is -2 - 110102211220?
-110102211222
In base 4, what is 32323221320 - 33?
32323221221
In base 3, what is -10111122210020 - 10?
-10111122210100
In base 3, what is 111200120020 + -10210?
111200102110
In base 15, what is 10eaa45 + 4?
10eaa49
In base 15, what is -ae + -3cd4eb?
-3cd5aa
In base 15, what is -27d6b4d + -4?
-27d6b52
In base 4, what is -2 - -322120003211?
322120003203
In base 15, what is -16d31 + 259?
-16ac7
In base 7, what is 446600 - -23653?
503553
In base 11, what is 4 - 866820?
-866817
In base 2, what is -11 + 10001001111100000111001010?
10001001111100000111000111
In base 14, what is 7b94 + -6a7?
74cb
In base 16, what is -8e932 + 23?
-8e90f
In base 4, what is 10 - 1230312231?
-1230312221
In base 8, what is 54 + 3011576?
3011652
In base 13, what is -5 - -3a9552?
3a954a
In base 6, what is 4 + 535412415?
535412423
In base 16, what is f834488 - 5?
f834483
In base 9, what is -5081 + -5256?
-11347
In base 16, what is 6a - -1d38f?
1d3f9
In base 5, what is 4030123 + 231?
4030404
In base 3, what is 12211210210022100 - -100?
12211210210022200
In base 15, what is 65d8d4 - -3?
65d8d7
In base 2, what is -100010110 - -101110111101101?
101110011010111
In base 10, what is -7321129 + 1?
-7321128
In base 9, what is -46817 - -33?
-46774
In base 2, what is -11001 - -1000110111111100?
1000110111100011
In base 11, what is 124540 + 19?
124559
In base 6, what is 5 - 22424052141?
-22424052132
In base 9, what is 1142 + -30280?
-28137
In base 9, what is -13 + -4513573?
-4513586
In base 7, what is -3640505323 + 2?
-3640505321
In base 6, what is -43 - -3422511?
3422424
In base 9, what is -820040 - -118?
-818821
In base 13, what is -5 + c480ba?
c480b5
In base 11, what is 3 + 19577041?
19577044
In base 5, what is -11112 - -11041?
-21
In base 6, what is 1445 + 245524?
251413
In base 6, what is -4105325231 - -10?
-4105325221
In base 12, what is -5b0 - 61232?
-61822
In base 9, what is -81828868 + 1?
-81828867
In base 6, what is -52034524 - 35?
-52035003
In base 16, what is -4 + 2fb31e?
2fb31a
In base 7, what is -313364 - -1513?
-311551
In base 7, what is -12250111256 + -1?
-12250111260
In base 6, what is -202324202 + -402?
-202325004
In base 8, what is -1636734402 + 0?
-1636734402
In base 9, what is 242 - -80834?
81176
In base 2, what is 100111100011101110110 + 1101?
100111100011110000011
In base 4, what is -20313 + 1022111302?
1022030323
In base 5, what is -14222 - 413202?
-432424
In base 11, what is 2aa50242 + -6?
2aa50237
In base 3, what is -1201112111011 - -11200?
-1201112022111
In base 2, what is -10101011101110100001011000 + 1?
-10101011101110100001010111
In base 9, what is 452460 - 158?
452301
I